285461 is divided by 1895?
1891
What is the remainder when 662251 is divided by 331120?
11
Calculate the remainder when 271518 is divided by 271516.
2
What is the remainder when 336289702 is divided by 626?
624
Calculate the remainder when 193124 is divided by 8045.
44
What is the remainder when 7063287 is divided by 1178?
1177
What is the remainder when 34685825 is divided by 67?
59
Calculate the remainder when 7272340 is divided by 62.
50
What is the remainder when 96466675 is divided by 22?
19
Calculate the remainder when 8398023 is divided by 351.
348
What is the remainder when 6666030 is divided by 666594?
90
What is the remainder when 2675472 is divided by 1337730?
12
What is the remainder when 1721158 is divided by 573716?
10
What is the remainder when 22562 is divided by 995?
672
Calculate the remainder when 1151514 is divided by 3479.
3444
Calculate the remainder when 17581396 is divided by 1361.
1359
What is the remainder when 1882033 is divided by 1622?
513
What is the remainder when 2587892 is divided by 129?
23
Calculate the remainder when 1104598 is divided by 2550.
448
What is the remainder when 796617 is divided by 66362?
273
What is the remainder when 114719600 is divided by 23600?
0
Calculate the remainder when 3182167 is divided by 2.
1
Calculate the remainder when 145340046 is divided by 6521.
6519
What is the remainder when 167986 is divided by 3905?
71
Calculate the remainder when 6693523 is divided by 8398.
317
What is the remainder when 674181 is divided by 26966?
31
What is the remainder when 186942 is divided by 84?
42
What is the remainder when 88642 is divided by 88333?
309
Calculate the remainder when 22878502 is divided by 3813082.
10
What is the remainder when 49314268 is divided by 188?
176
Calculate the remainder when 47791404 is divided by 1763.
0
What is the remainder when 32856 is divided by 505?
31
What is the remainder when 227011 is divided by 132?
103
Calculate the remainder when 2230760 is divided by 1591.
178
What is the remainder when 20869 is divided by 585?
394
What is the remainder when 9071809 is divided by 988?
981
Calculate the remainder when 148382 is divided by 1985.
1492
Calculate the remainder when 10766995 is divided by 250395.
10
Calculate the remainder when 71563382 is divided by 84.
2
Calculate the remainder when 7130417 is divided by 95.
2
What is the remainder when 1533575 is divided by 205?
175
Calculate the remainder when 4174781 is divided by 604.
537
What is the remainder when 2847540 is divided by 1423745?
50
Calculate the remainder when 130122298 is divided by 1572.
1570
What is the remainder when 544674 is divided by 28666?
20
Calculate the remainder when 9202937 is divided by 209.
40
What is the remainder when 54972415 is divided by 4997492?
3
Calculate the remainder when 1014426 is divided by 63396.
90
Calculate the remainder when 129626 is divided by 7191.
188
Calculate the remainder when 183797019 is divided by 115.
109
What is the remainder when 650711 is divided by 506?
501
What is the remainder when 29719 is divided by 380?
79
Calculate the remainder when 6962938 is divided by 696293.
8
Calculate the remainder when 157029861 is divided by 3794.
3789
What is the remainder when 19150721 is divided by 311?
274
What is the remainder when 4194908 is divided by 183?
182
What is the remainder when 1176267 is divided by 498?
489
What is the remainder when 920193 is divided by 4695?
4668
What is the remainder when 157758627 is divided by 7536?
3
What is the remainder when 15405450 is divided by 13?
8
Calculate the remainder when 326698 is divided by 27223.
22
Calculate the remainder when 2073365 is divided by 11207.
70
What is the remainder when 119221 is divided by 19571?
1795
What is the remainder when 38901567 is divided by 2391?
2388
Calculate the remainder when 1838483 is divided by 225.
8
Calculate the remainder when 212182 is divided by 158.
146
Calculate the remainder when 70622 is divided by 68046.
2576
What is the remainder when 44820785 is divided by 14861?
9
What is the remainder when 472955 is divided by 235940?
1075
Calculate the remainder when 383525 is divided by 582.
569
What is the remainder when 251424 is divided by 41771?
798
Calculate the remainder when 134812 is divided by 15121.
13844
What is the remainder when 85207 is divided by 3158?
3099
Calculate the remainder when 2740665 is divided by 276.
261
Calculate the remainder when 374365 is divided by 53478.
19
Calculate the remainder when 22996138 is divided by 1277563.
4
Calculate the remainder when 2130721 is divided by 532679.
5
What is the remainder when 884993 is divided by 177?
170
What is the remainder when 2088518 is divided by 417677?
133
Calculate the remainder when 602748 is divided by 108.
0
Calculate the remainder when 283110 is divided by 3369.
114
What is the remainder when 50647261 is divided by 103?
101
What is the remainder when 49129328 is divided by 1269?
1262
What is the remainder when 514240 is divided by 128488?
288
What is the remainder when 2356941 is divided by 589189?
185
Calculate the remainder when 2090087 is divided by 234.
233
Calculate the remainder when 34398791 is divided by 21952.
7
Calculate the remainder when 723276 is divided by 120142.
2424
What is the remainder when 37570229 is divided by 162?
161
Calculate the remainder when 1486217 is divided by 1486217.
0
Calculate the remainder when 9058 is divided by 1198.
672
Calculate the remainder when 1062311 is divided by 132.
107
What is the remainder when 1778851 is divided by 1778810?
41
What is the remainder when 11538532 is divided by 42?
40
What is the remainder when 40444169 is divided by 11?
7
What is the remainder when 112851647 is divided by 718?
715
Calculate the remainder when 6152502 is divided by 113.
104
Calculate the remainder when 2066801 is divided by 2940.
2921
What is the remainder when 1021018 is divided by 356?
10
Calculate the remainder when 1575167 is divided by 315032.
7
Calculate the remainder when 2927368 is divided by 300.
268
Calculate the remainder when 791699 is divided by 342.
311
Calculate the remainder when 159905 is divided by 2710.
15
Calculate the remainder when 776823 is divided by 664.
607
What is the remainder when 704191 is divided by 234711?
58
What is the remainder when 947847 is divided by 2375?
222
Calculate the remainder when 491603 is divided by 242607.
6389
Calculate the remainder when 140980 is divided by 46906.
262
What is the remainder when 1828887 is divided by 41?
0
What is the remainder when 912076 is divided by 177?
172
What is the remainder when 441733 is divided by 467?
418
Calculate the remainder when 669327 is divided by 3468.
3
What is the remainder when 17264 is divided by 463?
133
What is the remainder when 255422 is divided by 2094?
2048
What is the remainder when 70970041 is divided by 23?
22
Calculate the remainder when 1571174 is divided by 428.
414
Calculate the remainder when 49750 is divided by 558.
88
Calculate the remainder when 13970 is divided by 8394.
5576
Calculate the remainder when 10189278 is divided by 280.
78
What is the remainder when 18718 is divided by 6053?
559
Calculate the remainder when 5881895 is divided by 712.
63
Calculate the remainder when 623408 is divided by 727.
369
What is the remainder when 94394250 is divided by 88?
82
What is the remainder when 2050411 is divided by 1805?
1736
Calculate the remainder when 18588483 is divided by 136680.
3
What is the remainder when 263677 is divided by 1064?
869
Calculate the remainder when 746179 is divided by 863.
547
What is the remainder when 1685826 is divided by 10217?
21
What is the remainder when 26029544 is divided by 6507384?
8
What is the remainder when 3159544 is divided by 87?
52
Calculate the remainder when 239795302 is divided by 1023.
10
Calculate the remainder when 885956 is divided by 649.
71
Calculate the remainder when 503047 is divided by 530.
77
What is the remainder when 3642428 is divided by 1971?
20
What is the remainder when 19330641 is divided by 123125?
16
What is the remainder when 1371985 is divided by 27?
7
Calculate the remainder when 3746702 is divided by 404.
6
What is the remainder when 2232906 is divided by 89314?
56
What is the remainder when 2844982 is di